f 137838?
2, 3, 22973
What are the prime factors of 82075?
5, 7, 67
What are the prime factors of 3322547?
3322547
What are the prime factors of 1440125?
5, 41, 281
List the prime factors of 579790.
2, 5, 37, 1567
List the prime factors of 2329123.
31, 75133
What are the prime factors of 2658908?
2, 7, 94961
List the prime factors of 251417.
251417
List the prime factors of 398709.
3, 14767
What are the prime factors of 14749793?
14749793
List the prime factors of 1878347.
17, 110491
What are the prime factors of 35315?
5, 7, 1009
List the prime factors of 3972272.
2, 248267
List the prime factors of 4931982.
2, 3, 11, 19, 23
What are the prime factors of 64127?
7, 9161
List the prime factors of 189178.
2, 11, 8599
What are the prime factors of 30876874?
2, 7, 523, 4217
What are the prime factors of 11010177?
3, 19, 31, 67
List the prime factors of 8466793.
109, 173, 449
What are the prime factors of 963706?
2, 59, 8167
List the prime factors of 741858.
2, 3, 13, 9511
What are the prime factors of 314212?
2, 78553
List the prime factors of 211822.
2, 13, 8147
List the prime factors of 4938438.
2, 3, 61, 103, 131
What are the prime factors of 152593?
7, 21799
List the prime factors of 206266.
2, 151, 683
What are the prime factors of 379136?
2, 1481
List the prime factors of 14535264.
2, 3, 23, 29, 227
What are the prime factors of 1082764?
2, 17, 15923
List the prime factors of 1852895.
5, 11, 59, 571
What are the prime factors of 6191291?
6191291
What are the prime factors of 33256392?
2, 3, 13, 106591
What are the prime factors of 103782?
2, 3, 7, 353
List the prime factors of 33739162.
2, 79, 213539
List the prime factors of 1174908.
2, 3, 7, 71, 197
List the prime factors of 1365912.
2, 3, 61, 311
What are the prime factors of 3959741?
43, 71, 1297
What are the prime factors of 10276917?
3, 7, 69911
What are the prime factors of 536813?
41, 13093
List the prime factors of 4863480.
2, 3, 5, 40529
List the prime factors of 114375.
3, 5, 61
List the prime factors of 882147.
3, 7, 17, 353
List the prime factors of 5943.
3, 7, 283
What are the prime factors of 5020613?
13, 379, 1019
What are the prime factors of 4555131?
3, 7, 216911
What are the prime factors of 1578350?
2, 5, 31567
What are the prime factors of 1417790?
2, 5, 11, 12889
What are the prime factors of 313756?
2, 78439
List the prime factors of 6783232.
2, 26497
What are the prime factors of 2153462?
2, 1076731
List the prime factors of 915107.
211, 4337
What are the prime factors of 5950474?
2, 2975237
What are the prime factors of 4005466?
2, 19, 105407
List the prime factors of 302956.
2, 23, 37, 89
What are the prime factors of 666587?
17, 113, 347
What are the prime factors of 1757719?
29, 60611
What are the prime factors of 9150132?
2, 3, 53, 14387
What are the prime factors of 490653?
3, 54517
What are the prime factors of 242412?
2, 3, 20201
List the prime factors of 2823486.
2, 3, 163, 2887
What are the prime factors of 71526?
2, 3, 7, 13, 131
List the prime factors of 605439.
3, 67271
List the prime factors of 1115419.
1115419
What are the prime factors of 278444?
2, 151, 461
What are the prime factors of 7518140?
2, 5, 7, 83, 647
List the prime factors of 2011862.
2, 1005931
List the prime factors of 451640.
2, 5, 7, 1613
What are the prime factors of 31358151?
3, 11, 19, 5557
List the prime factors of 2418034.
2, 1209017
What are the prime factors of 127118?
2, 63559
What are the prime factors of 347524?
2, 283, 307
List the prime factors of 7759308.
2, 3, 646609
What are the prime factors of 1640996?
2, 7, 103, 569
What are the prime factors of 2574102?
2, 3, 429017
List the prime factors of 8639629.
1091, 7919
List the prime factors of 22702619.
1091, 20809
What are the prime factors of 3734747?
17, 12923
List the prime factors of 1606131.
3, 47, 3797
What are the prime factors of 641134?
2, 13, 24659
List the prime factors of 3899050.
2, 5, 29, 2689
What are the prime factors of 10540776?
2, 3, 439199
What are the prime factors of 1687824?
2, 3, 3907
List the prime factors of 11813708.
2, 17, 67, 2593
List the prime factors of 2305905.
3, 5, 7, 21961
What are the prime factors of 187248?
2, 3, 47, 83
What are the prime factors of 60457?
60457
List the prime factors of 1068035.
5, 227, 941
What are the prime factors of 21958350?
2, 3, 5, 146389
What are the prime factors of 132840?
2, 3, 5, 41
List the prime factors of 225350.
2, 5, 4507
List the prime factors of 11276.
2, 2819
List the prime factors of 396136.
2, 13, 293
What are the prime factors of 8519715?
3, 5, 223, 283
List the prime factors of 10169384.
2, 1271173
What are the prime factors of 61634?
2, 30817
List the prime factors of 871439.
871439
List the prime factors of 314105.
5, 11, 5711
What are the prime factors of 1062693?
3, 39359
What are the prime factors of 1772872?
2, 167, 1327
List the prime factors of 77553.
3, 7, 1231
What are the prime factors of 975192?
2, 3, 179, 227
List the prime factors of 2286675.
3, 5, 10163
List the prime factors of 363161.
363161
List the prime factors of 75592.
2, 11, 859
What are the prime factors of 906892?
2, 7, 661
What are the prime factors of 672950?
2, 5, 43, 313
List the prime factors of 91239.
3, 17, 1789
What are the prime factors of 69213?
3, 23071
What are the prime factors of 4489437?
3, 1496479
What are the prime factors of 22730?
2, 5, 2273
List the prime factors of 374500.
2, 5, 7, 107
What are the prime factors of 5046504?
2, 3, 37, 5683
List the prime factors of 4234558.
2, 79, 26801
List the prime factors of 266827.
11, 127, 191
What are the prime factors of 7224766?
2, 191, 18913
List the prime factors of 2293432.
2, 283, 1013
What are the prime factors of 2835757?
131, 21647
List the prime factors of 299834.
2, 197, 761
List the prime factors of 11409149.
541, 21089
List the prime factors of 10384443.
3, 128203
What are the prime factors of 10843523?
271, 40013
List the prime factors of 1309299.
3, 607, 719
What are the prime factors of 203064?
2, 3, 8461
What are the prime factors of 246996?
2, 3, 2287
What are the prime factors of 3188145?
3, 5, 23, 9241
What are the prime factors of 24640210?
2, 5, 7, 83, 4241
List the prime factors of 300288.
2, 3, 17, 23
List the prime factors of 90677.
90677
List the prime factors of 16023865.
5, 11, 13, 73, 307
List the prime factors of 8502162.
2, 3, 29, 131, 373
List the prime factors of 729963.
3, 13, 17, 367
List the prime factors of 1456853.
41, 35533
What are the prime factors of 1566287?
997, 1571
List the prime factors of 15806466.
2, 3, 13, 31, 2179
What are the prime factors of 538440?
2, 3, 5, 7, 641
What are the prime factors of 20177311?
7, 11, 31, 79, 107
List the prime factors of 8638.
2, 7, 617
List the prime factors of 10473207.
3, 17, 205357
List the prime factors of 338201.
127, 2663
List the prime factors of 1352895.
3, 5, 19, 47, 101
List the prime factors of 1130195.
5, 11, 20549
What are the prime factors of 681468?
2, 3, 109, 521
List the prime factors of 1687598.
2, 11, 79, 971
What are the prime factors of 902855?
5, 53, 3407
List the prime factors of 39986674.
2, 7, 13, 219707
What are the prime factors of 61387?
17, 23, 157
What are the prime factors of 219357?
3, 24373
What are the prime factors of 2880681?
3, 23, 83, 503
List the prime factors of 1432505.
5, 17, 19, 887
What are the prime factors of 1066831?
19, 56149
What are the prime factors of 922084?
2, 29, 7949
What are the prime factors of 932478?
2, 3, 155413
List the prime factors of 24555082.
2, 2207, 5563
List the prime factors of 745710.
2, 3, 5, 7, 53, 67
What are the prime factors of 140178?
2, 3, 61, 383
What are the prime factors of 3996404?
2, 999101
List the prime factors of 513785.
5, 211, 487
List the prime factors of 19689168.
2, 3, 19, 21589
List the prime factors of 4901325.
3, 5, 11, 13, 457
What are the prime factors of 547417?
13, 17, 2477
List the prime factors of 3362631.
3, 71, 15787
List the prime factors of 1323798.
2, 3, 7, 43, 733
What are the prime factors of 400901?
97, 4133
List the prime factors of 265345.
5, 53069
What are the prime factors of 252902?
2, 13, 71, 137
What are the prime factors of 12401608?
2, 47, 32983
What are the prime factors of 663786?
2, 3, 36877
List the prime